inder when 229697 is divided by 38281.
11
What is the remainder when 355317 is divided by 42?
39
What is the remainder when 6705 is divided by 2141?
282
Calculate the remainder when 27950 is divided by 13968.
14
What is the remainder when 23614 is divided by 189?
178
Calculate the remainder when 2964 is divided by 280.
164
What is the remainder when 15254 is divided by 83?
65
What is the remainder when 11742 is divided by 2346?
12
Calculate the remainder when 74448 is divided by 37198.
52
What is the remainder when 486631 is divided by 632?
623
What is the remainder when 952 is divided by 242?
226
Calculate the remainder when 51215 is divided by 20.
15
Calculate the remainder when 129 is divided by 9.
3
Calculate the remainder when 3262 is divided by 742.
294
Calculate the remainder when 5590 is divided by 1385.
50
What is the remainder when 441855 is divided by 5971?
1
Calculate the remainder when 3745 is divided by 906.
121
Calculate the remainder when 16574 is divided by 28.
26
What is the remainder when 143836 is divided by 11064?
4
Calculate the remainder when 170441 is divided by 102.
101
What is the remainder when 5071 is divided by 253?
11
Calculate the remainder when 1942 is divided by 1754.
188
What is the remainder when 40570 is divided by 114?
100
Calculate the remainder when 75583 is divided by 86.
75
What is the remainder when 143947 is divided by 57?
22
Calculate the remainder when 48170 is divided by 14.
10
What is the remainder when 2963 is divided by 934?
161
What is the remainder when 3032 is divided by 500?
32
Calculate the remainder when 234 is divided by 12.
6
What is the remainder when 19215 is divided by 1008?
63
Calculate the remainder when 11661 is divided by 1501.
1154
Calculate the remainder when 239198 is divided by 2345.
8
What is the remainder when 1909 is divided by 50?
9
What is the remainder when 75959 is divided by 8?
7
Calculate the remainder when 713937 is divided by 3064.
25
What is the remainder when 2494 is divided by 12?
10
What is the remainder when 214884 is divided by 55?
54
What is the remainder when 13911 is divided by 267?
27
Calculate the remainder when 6845 is divided by 64.
61
Calculate the remainder when 419985 is divided by 174.
123
Calculate the remainder when 1074 is divided by 189.
129
Calculate the remainder when 1104377 is divided by 11.
10
What is the remainder when 39597 is divided by 45?
42
What is the remainder when 16241 is divided by 5404?
29
What is the remainder when 8381 is divided by 17?
0
Calculate the remainder when 3118 is divided by 620.
18
Calculate the remainder when 74564 is divided by 442.
308
Calculate the remainder when 14042 is divided by 560.
42
What is the remainder when 2611 is divided by 375?
361
Calculate the remainder when 11886 is divided by 195.
186
What is the remainder when 46203 is divided by 45?
33
What is the remainder when 61510 is divided by 160?
70
Calculate the remainder when 555171 is divided by 265.
261
What is the remainder when 6151 is divided by 27?
22
Calculate the remainder when 9548 is divided by 1457.
806
What is the remainder when 2154 is divided by 1628?
526
Calculate the remainder when 4145523 is divided by 997.
994
Calculate the remainder when 6324193 is divided by 15.
13
What is the remainder when 5109 is divided by 649?
566
What is the remainder when 276579 is divided by 186?
183
Calculate the remainder when 449 is divided by 222.
5
What is the remainder when 11769 is divided by 11391?
378
What is the remainder when 40264 is divided by 42?
28
Calculate the remainder when 238283 is divided by 25.
8
What is the remainder when 4404 is divided by 332?
88
What is the remainder when 390040 is divided by 233?
231
What is the remainder when 16230782 is divided by 544?
542
What is the remainder when 1578 is divided by 788?
2
What is the remainder when 886820 is divided by 35?
25
What is the remainder when 7740 is divided by 197?
57
Calculate the remainder when 8182 is divided by 39.
31
Calculate the remainder when 4302 is divided by 2.
0
What is the remainder when 132218 is divided by 168?
2
What is the remainder when 18953 is divided by 6288?
89
Calculate the remainder when 370344 is divided by 1187.
0
What is the remainder when 16446 is divided by 1041?
831
Calculate the remainder when 56345 is divided by 136.
41
What is the remainder when 4014 is divided by 37?
18
Calculate the remainder when 19739 is divided by 529.
166
What is the remainder when 154 is divided by 4?
2
Calculate the remainder when 1796992 is divided by 60.
52
Calculate the remainder when 203725 is divided by 59.
57
Calculate the remainder when 11178 is divided by 6.
0
Calculate the remainder when 484249 is divided by 38.
15
Calculate the remainder when 88054 is divided by 173.
170
What is the remainder when 481660 is divided by 460?
40
What is the remainder when 6422 is divided by 3146?
130
Calculate the remainder when 1923 is divided by 86.
31
What is the remainder when 793753 is divided by 198434?
17
Calculate the remainder when 12682 is divided by 1252.
162
What is the remainder when 2810 is divided by 6?
2
What is the remainder when 105366 is divided by 31?
28
Calculate the remainder when 44473 is divided by 397.
9
Calculate the remainder when 777625 is divided by 388804.
17
What is the remainder when 355 is divided by 163?
29
What is the remainder when 3524 is divided by 46?
28
What is the remainder when 8780 is divided by 75?
5
What is the remainder when 15359 is divided by 806?
45
What is the remainder when 44180 is divided by 154?
136
Calculate the remainder when 9072 is divided by 3019.
15
What is the remainder when 74168 is divided by 14?
10
Calculate the remainder when 3283 is divided by 2723.
560
Calculate the remainder when 1600455 is divided by 61.
59
What is the remainder when 63116 is divided by 114?
74
What is the remainder when 5334 is divided by 23?
21
What is the remainder when 60898 is divided by 3381?
40
What is the remainder when 10254 is divided by 1985?
329
What is the remainder when 10082 is divided by 142?
0
Calculate the remainder when 2708 is divided by 170.
158
What is the remainder when 26920 is divided by 13316?
288
Calculate the remainder when 5327 is divided by 8.
7
What is the remainder when 4024 is divided by 161?
160
Calculate the remainder when 86981 is divided by 15.
11
What is the remainder when 42404 is divided by 124?
120
Calculate the remainder when 2499 is divided by 2481.
18
What is the remainder when 14398 is divided by 1006?
314
Calculate the remainder when 15020 is divided by 484.
16
What is the remainder when 268 is divided by 225?
43
Calculate the remainder when 111 is divided by 69.
42
Calculate the remainder when 4110 is divided by 73.
22
Calculate the remainder when 15873 is divided by 15.
3
Calculate the remainder when 174708 is divided by 1365.
1353
Calculate the remainder when 1416286 is divided by 354070.
6
What is the remainder when 88941 is divided by 1000?
941
What is the remainder when 7593 is divided by 332?
289
Calculate the remainder when 179548 is divided by 95.
93
Calculate the remainder when 600800 is divided by 35340.
20
Calculate the remainder when 8292 is divided by 95.
27
Calculate the remainder when 24294 is divided by 107.
5
What is the remainder when 150861 is divided by 16?
13
Calculate the remainder when 31975 is divided by 230.
5
Calculate the remainder when 22028 is divided by 416.
396
Calculate the remainder when 965 is divided by 802.
163
Calculate the remainder when 427 is divided by 149.
129
What is the remainder when 2065 is divided by 106?
51
What is the remainder when 69766 is divided by 107?
2
Calculate the remainder when 3006 is divided by 748.
14
Calculate the remainder when 2401 is divided by 28.
21
Calculate the remainder when 10769 is divided by 131.
27
What is the remainder when 4310 is divided by 4287?
23
Calculate the remainder when 12291 is divided by 35.
6
What is the remainder when 1024 is divided by 42?
16
What is the remainder when 615226 is divided by 55?
51
Calculate the remainder when 1002 is divided by 495.
12
What is the remainder when 1288 is divided by 167?
119
Calculate the remainder when 252263 is divided by 6.
5
Calculate the remainder when 2855 is divided by 30